tors of b(11)?
2, 13, 419
Suppose -38*x - 72*x = -2081725 - 628235. List the prime factors of x.
2, 3, 2053
Let j = 78 + -68. What are the prime factors of ((-118)/j)/(18/45)*-12?
2, 3, 59
Suppose 144*u - 79*u = 79*u - 198548. List the prime factors of u.
2, 7, 1013
Let b be (-22)/(-66)*(-2 - (0 + -2)). Suppose b = -z - 79 + 465. What are the prime factors of z?
2, 193
Suppose 30 = d - 6*d. Let m be (-5)/(-1 - d) + 16. Suppose -4*n + 4*c = -28, -3*n + 4*c + m + 8 = 0. List the prime factors of n.
5
Let x = 59146 + -26836. List the prime factors of x.
2, 3, 5, 359
Let q be (61/(-7) - 2) + (-20)/70. Let b = -13 - q. What are the prime factors of 15/5 - (-10 - b)?
11
Let f(t) = -2*t - 1. Let l be f(-1). Let x be (-23)/5 + l + (-6)/15. List the prime factors of x/(-3 - 248/(-84)).
2, 3, 7
Let m be -66*(12/(-42))/((-6)/(-14)). Let l = m - 37. What are the prime factors of (6 - 4)*10*l?
2, 5, 7
Let b be 2/(-3)*39/(-26) - -1. Suppose -b*i + 5*g + 561 = 0, -g - 4*g = -3*i + 849. What are the prime factors of i?
2, 3
Suppose 26*g = 12*g + 8148. Suppose -2*h - 2*q + 450 = 0, 3*h - g - 99 = 3*q. List the prime factors of h.
2, 113
Suppose -z = x - 7, -5*x = -4*x + 5*z - 3. Suppose x*v = -2*v + 1860. What are the prime factors of v?
2, 3, 31
Suppose r = -4, 24*z + 3*r - 24 = 21*z. What are the prime factors of z?
2, 3
Let v be -11 + 8 - 5/(15/(-6687)). Suppose 34*c + v = 40*c. List the prime factors of c.
7, 53
Let u(z) = -z**3 + 11*z**2 - 20*z + 22. Suppose 8*a - 117 = -5*a. Let v be u(a). List the prime factors of (v/(-5))/2*455*-1.
2, 7, 13
Let l(i) = 83*i**2 + 2*i + 7. Let q be l(-5). Let g = -808 + q. List the prime factors of 3/(42/g) - (-54)/(-189).
2, 3, 5
Let q be (-3)/(-4) - (-14)/(224/260). Suppose q*p - 19*p + 1106 = 0. What are the prime factors of p?
7, 79
Suppose 1523 = -3*r - 3*q + 2*q, 3*r + 4*q + 1529 = 0. Let t be r/(-18) + (-3)/18. Suppose -y = -t - 89. What are the prime factors of y?
3, 13
Let z(r) = r**3 + 11*r**2 + 7*r - 15. Let x be z(-10). Suppose -16*l + x*l = -466. List the prime factors of l.
2, 233
What are the prime factors of (80/(-42) - -2) + (-87557534)/(-1239)?
2, 3, 13, 151
Let d = -379 - -381. Suppose -4*m + 4*b = -6269 + 2149, d*b = -2*m + 2076. List the prime factors of m.
2, 11, 47
Let x be (-1)/((-20)/3928) - 2/5. Let w(f) = 196 + 10*f**2 - x - f. What are the prime factors of w(-2)?
2, 3, 7
Suppose -3*b - 2*f = -239303, 3*b + 4*f - 92477 = 146816. What are the prime factors of b?
241, 331
Let i = 72450 + -46442. What are the prime factors of i?
2, 3251
Suppose i = -3, -6*i = 3*n - 7*i - 15. Suppose 4*v = 4*z - 584, z + 5*v - 152 = n*v. What are the prime factors of z?
149
Let k = 161 + -287. Suppose 3*u = -3*z, -5*z + 3*u - 30 = -2*u. What are the prime factors of ((-1044)/k)/((z/7)/(-3))?
2, 29
Let h be 1/(-4*4/(-144)). Suppose h*n - 1239 = 2*n. List the prime factors of n.
3, 59
Suppose -d = -4*f - 5762, 464*f - 468*f = -3*d + 17270. What are the prime factors of d?
2, 3, 7, 137
Suppose -16*t + 14640 = 64*t. List the prime factors of t.
3, 61
Let k(p) = 78*p + 8. Let v = -95 - -98. What are the prime factors of k(v)?
2, 11
Let o = 22853 + -11402. List the prime factors of o.
3, 11, 347
Suppose 543*j - 552*j = -2043. Suppose -5355 = -4*s - j. What are the prime factors of s?
2, 641
Suppose -23*w + 0*w + 368 = 0. Suppose -w*j + 292 = -15*j. What are the prime factors of j?
2, 73
Suppose -14*g = -17*g + 46629 + 27837. What are the prime factors of g?
2, 3, 7, 197
Let t = 126 + -119. Let b = t + 26. What are the prime factors of b?
3, 11
Suppose 91*x - 329083 - 137258 = 362760. List the prime factors of x.
3, 3037
Suppose -4*t = u + 19 + 44, -u = -3*t + 42. Let z = 265 + u. What are the prime factors of z?
2, 107
Let l(b) = b**3 - 23*b**2 - 29*b + 119. List the prime factors of l(29).
2, 23, 47
Suppose 0 = b - 4*p - 22617, 4*p - 58598 - 31930 = -4*b. List the prime factors of b.
3, 19, 397
Suppose -57*l = 61*l - 31*l - 1676925. List the prime factors of l.
3, 5, 257
Suppose 850 = 2*i + 2*h, 2*i = -2*i + 3*h + 1665. Suppose 347 = 4*m + o, -3*m = 2*m + 4*o - i. List the prime factors of m.
2, 11
Let g(f) = 7*f**3 - f**2 - 9*f + 16. Suppose 0*z = -9*z + 27. List the prime factors of g(z).
13
Suppose 2*c = 5*n + 17591, -3 = -24*n + 27*n. What are the prime factors of c?
3, 977
Suppose -118 - 352 = -5*r. Let a = 170 + r. List the prime factors of a.
2, 3, 11
Suppose 52*j + 4*y = 57*j - 38504, 0 = 4*j + 3*y - 30766. List the prime factors of j.
2, 13, 37
Let y(d) = -6*d - 212. Let v be y(-37). What are the prime factors of v/((50/545)/5)?
5, 109
Let g(v) = 7*v**2 + 44*v - 16. Let l be g(-8). Let y = 432 + l. What are the prime factors of y?
2
Suppose 190*x + 255*x = 493*x - 2743632. What are the prime factors of x?
3, 29, 73
Let w(f) = 126*f**2 - 17*f + 3. Let d be (-161)/77 + 2/22. List the prime factors of w(d).
541
Let n = -10708 + 25021. List the prime factors of n.
3, 13, 367
Let t(k) = -k**2 - 17454 + 17429 - 18*k - 9*k. Suppose 0 = 5*z - 5*m + 130, 0 = 3*m - 2*m - 5. List the prime factors of t(z).
101
Let m = 54543 - 5950. List the prime factors of m.
48593
Let v be 69/(-6) - 1/2. Let a be 2*1*10/((-80)/v). Suppose 271 = 5*f - g + 5*g, 3*g = a*f - 168. List the prime factors of f.
5, 11
Suppose 15*g - 5*a = 12*g + 55649, 0 = 3*g + 4*a - 55667. What are the prime factors of g?
18553
Let m = -219 - -661. Let l = m + -300. What are the prime factors of l?
2, 71
Suppose -404*g - 83774 = -409*g - 3*k, k - 50270 = -3*g. List the prime factors of g.
16759
Let q(z) = 30*z**3 - 32*z - 5. List the prime factors of q(6).
61, 103
Suppose -l - 3*p - p = 118, p - 191 = 2*l. Let f = l - -102. Suppose -7*q + 2*q = 4*n - 95, -f*q = -3*n + 48. List the prime factors of n.
2, 5
Suppose -94*z + 230626 + 1854200 = 0. List the prime factors of z.
3, 7393
Let z = -36469 + 55771. List the prime factors of z.
2, 3, 3217
Suppose 7*w = -22*w - 10*w + 73905. List the prime factors of w.
5, 379
Let g(x) = -5*x - 103. Let u(v) = -3*v - 51. Let i(n) = -2*g(n) + 5*u(n). Let d be i(0). Let s = d + 91. What are the prime factors of s?
2, 3, 7
Suppose -16*y - 150 = -11318. List the prime factors of y.
2, 349
Suppose -10*s + 253282 = 2*g - 20020, 0 = 4*g - 4. List the prime factors of s.
2, 3, 5, 911
Suppose 2*b + 1102 = 5*n - 1047, -n + 434 = b. List the prime factors of n.
431
Let a = -31333 - -46514. List the prime factors of a.
17, 19, 47
Let q be (-3)/(-9) + (-186)/(-9). Let v = q - 27. What are the prime factors of v/(-4)*(-4 + 18)?
3, 7
Let h(q) = 12501*q**2 + 38*q + 76. List the prime factors of h(-2).
2, 3, 463
Suppose -5*g + 25 = 10. Suppose -5*d + 25 = 0, 2*d - 3219 = -4*x + g*d. List the prime factors of x.
2, 13, 31
Let c = -2667 - -3905. Let l = c + -729. What are the prime factors of l?
509
Suppose 4*q + 254 = 626. Let s = q - 69. Suppose -2*i - s = -296. List the prime factors of i.
2, 17
Let i(j) = -53*j - 316. Let h be i(-6). Suppose h*p + 80 = 1402. List the prime factors of p.
661
Suppose -3*q + 2*q + 5 = 0. Suppose -4*n - 5*a + 13 = 0, -50*a - 3 = -53*a. Suppose -n*x + x - 5*w + 22 = 0, -w - q = 0. List the prime factors of x.
47
Suppose 0 = -10*c - 15*c + 50. Suppose -8*d + 5710 = c*d. List the prime factors of d.
571
Suppose -223 = -13*z - 54. Suppose -2*n - 2441 = -3*u, -1610 = -2*u - 16*n + z*n. What are the prime factors of u?
811
Let b(k) = -k**3 + 13*k**2 - 10*k + 18. Let l be b(12). Let m be l/(-3 - (-6 - -1)). List the prime factors of ((-16)/(-14))/(3/m).
2
Let f(z) = -18*z**3 + 2*z**2 + 6*z + 2. Let d(s) = -7*s + 19. Let h be d(3). List the prime factors of f(h).
2, 71
Suppose -5*h + 0*w = -4*w - 2394, -3*h + 2*w = -1436. List the prime factors of h.
2, 239
Suppose 5*n + 78 = -4*b - 55, 0 = 2*b - 4*n + 34. Let f be (b/12)/((-15)/(-200)). Let z = f + 33. What are the prime factors of z?
3
Let z = 43562 - 16348. List the prime factors of z.
2, 11, 1237
Suppose 0 = -9*z - 87 + 1194. Suppose -5*v + 4*v + z = 0. Let h = -88 + v. List the prime factors of h.
5, 7
Let i(z) = 820*z - 6. Let y be i(-1). Let w = -548 - y. Let k = -144 + w. List the prime factors of k.
2, 67
Let u = -5501 - -13816. List the prime factors of u.
5, 1663
Let u be 5/(5/(-3))*-8. Suppose -23 - u = n. Let g = n - -90. List the prime factors of g.